k) = -f(k) - 3*z(k). Let l be m(3). Let o(r) = r**3 + 5*r**2 + 4*r + 2. What is o(l)?
2
Let m = 42 - 46. Let i(h) be the first derivative of -h**2/2 - 3*h - 1. Give i(m).
1
Let y(a) = -6*a**3 + a**2 - a + 1. Let v be (1 - 0)/((-2)/10). Let t be (-4)/v - (-2)/10. What is y(t)?
-5
Let c(h) = -h**2 + h - 1. Let s = -4 + 9. Let o be 2 + -1 - (8 - s). Give c(o).
-7
Let w(v) = 2*v - 16. Let f(t) = t - 8. Let a(q) = -13*f(q) + 6*w(q). Calculate a(8).
0
Let y(a) = -3*a**3 - 5*a - 1. Let q(w) = -2*w**3 - w**2 - 5*w - 2. Let l(x) = 4*q(x) - 3*y(x). Let b = -3 - -9. Let r = b - 1. Give l(r).
-5
Let r(y) = -y**3 + y**2 + 1. Let a = -26 - -28. Give r(a).
-3
Let w = 2 - -2. Suppose 9*n - w*n + 20 = 0. Let f(c) = -13*c**2 - 15*c + 6. Let u(p) = -9*p**2 - 10*p + 4. Let j(q) = -5*f(q) + 7*u(q). Calculate j(n).
10
Let f(y) = -y + 5. Let o be f(5). Let z(c) = -c**3 - c**2 - c + 1. Determine z(o).
1
Let j be 8/(-4) + 4 - (-6)/(-2). Let d(u) = 5*u**3 - 2*u**2 - 2*u - 1. Calculate d(j).
-6
Let u(j) be the third derivative of j**5/60 + j**4/12 + j**3/3 - 10*j**2. Calculate u(-2).
2
Let p(i) = -i**3 + 5*i**2 - 2*i. Let n be 4/(-10) - 268/(-20). Let t = -8 + n. Let j be 24/15 - (-2)/t. Determine p(j).
8
Let f(x) = -8 - 7 - x + 3*x**2 + 13. What is f(2)?
8
Let d(k) = -4*k - 2. Let v be d(1). Let h(b) be the first derivative of b**4/4 + 5*b**3/3 - 3*b**2 + 7*b + 1. Give h(v).
7
Let v be ((-76)/72)/19*(-3)/5. Let p(i) be the third derivative of 0*i + v*i**5 + 0*i**4 + 2*i**2 + 2/3*i**3 + 0 - 1/120*i**6. Determine p(3).
-5
Let o be 0 + 4 + 2/(-2). Suppose 0 = o*g - 0*g - 6. Let i(f) = 5*f + 2*f - 2*f - f. Give i(g).
8
Let h(x) = -x**3 + 1. Let m be h(-1). Let q(n) = 4 + m*n + 5*n - 6*n. What is q(-7)?
-3
Let r(v) = v**2 - 8*v + 8. Let f(d) = -2*d**2 + 23*d + 19. Let x be f(12). Determine r(x).
1
Let r(q) = q + 2. Let n be r(-4). Let h(y) be the third derivative of y**6/120 + y**5/60 + y**4/24 + y**3/3 - y**2. Determine h(n).
-4
Let s(r) = 2*r**3 + 1. Let n be ((-15)/(-2))/5*(-4)/6. Determine s(n).
-1
Let r(j) = 2*j**3 + 2*j**2 - 2*j - 1. Suppose 2*s + 4 - 10 = 0. Suppose s*k = 4*k - 3. Suppose -v + k*t + 10 = 0, 5*v - 5*t + 0 - 10 = 0. What is r(v)?
-5
Let b(u) = -u**3 - 4*u**2 + 6*u - 3. Let g(w) = -w**3 - 8*w**2 + w + 3. Let k be g(-8). Determine b(k).
-8
Let r(h) be the second derivative of h**4/12 - h**3 + 3*h**2 + 10*h. Determine r(4).
-2
Let t(j) = 6*j - 2*j - 5 - j**2 + 5. Calculate t(3).
3
Let u(b) = -b - 8 + 0 + b**3 - b**2 + 3. Suppose 0*j - 3 = 4*z + 3*j, 0 = -5*z - 2*j - 2. Give u(z).
-5
Suppose z = -4*n - 7, 4*n - 6 = 5*n - 4*z. Let h(q) = -3*q - 2. Let a be h(n). Let l(v) = -2*v + a*v + 0 - 8 - 3*v. Determine l(0).
-8
Let g = 15 + -16. Let w = g + 6. Let x(o) = -o**2 + 4*o. Give x(w).
-5
Let k(q) be the second derivative of -1/2*q**2 - 1/6*q**3 - q + 0. What is k(0)?
-1
Let u(n) = -2 + 3*n - 3 + 1 - 4*n. Calculate u(-4).
0
Let t(y) = -15*y**2 + 2*y - 1. Let g(u) = -u**2 + 24*u - 22. Let k be g(23). Give t(k).
-14
Let v = 4 + -7. Let y(n) = -n**3 - 3*n**2 - 3*n + 2. Give y(v).
11
Let l(q) = -q**2 + 4*q - 3. Let i(y) = -y**2 + 4*y - 4. Let v(t) = -5*i(t) + 6*l(t). What is v(4)?
2
Suppose 8*u + 52 = -4. Let q(g) = g + 7. Give q(u).
0
Let v = 6 + -5. Let g(l) be the first derivative of 3*l**2/2 - 1. Calculate g(v).
3
Let r(m) = 17*m**2 - m. Let u be 2/7 + (-85)/(-119). Give r(u).
16
Let a(l) be the second derivative of -l**5/20 - 5*l**4/12 + 3*l**2 - 12*l. Determine a(-5).
6
Let s be 27/(-6) - (-1)/2. Let r = s + 2. Let a be (-1)/r*(1 + -1). Let l(i) = i**3 + 5. Give l(a).
5
Let f = 112 - 109. Let v(h) = -h**2 + 2*h - 1. What is v(f)?
-4
Let t(p) be the third derivative of -p**6/120 + 7*p**5/60 - p**4/3 + 5*p**3/6 + 11*p**2. Determine t(6).
-7
Suppose 3*v + 2*v + 20 = -2*d, 3*d - 45 = 5*v. Let x(i) = -i**2 - 3*i. Let o(a) = 2*a**2 + 7*a - 1. Let r(q) = 3*o(q) + 5*x(q). Determine r(v).
-3
Let v = -15 - -11. Let s be (1 - 0)*(-1 + 4). Let t(k) = 5 - 2 + 2*k + s. Calculate t(v).
-2
Let r(a) = -a - 5. Let y = 0 - -4. Let m(z) = y - 5*z - 23 + 0*z. Let u(b) = 2*m(b) - 9*r(b). Give u(0).
7
Let z(q) = -q**2 + 13*q - 12. Let t(y) = 3*y - 3. Let b(s) = -9*t(s) + 2*z(s). Let n(c) be the first derivative of b(c). Give n(-1).
3
Let y(r) be the first derivative of -r**7/840 - r**6/360 + r**5/40 - r**4/12 - r**3/3 + 2. Let o(j) be the third derivative of y(j). Calculate o(-3).
7
Let i(z) = z**3 + 4*z**2 - 4*z - 2. Let b(q) = -q**3 + 9*q**2 - 9*q + 3. Let n be b(8). Calculate i(n).
-7
Let x(q) be the first derivative of -3*q**2/2 - 2*q + 6. Calculate x(-3).
7
Let d(c) = -c**3 - 5*c**2 - 6*c - 5. Let w be d(-4). Suppose w*o + 1 = 4*o. Suppose -x - o = 4. Let l(m) = -m**2 - 5*m + 2. Determine l(x).
2
Let h(p) be the third derivative of -p**8/3360 - p**7/840 - p**6/720 - p**5/120 + p**4/8 + p**2. Let o(d) be the second derivative of h(d). Give o(-2).
5
Let w(q) = 9*q**2 - 5*q + 4. Let g be w(1). Let b(l) = l - 1. Calculate b(g).
7
Suppose 18 = -u - 5*d - 13, 0 = -5*u + 5*d - 5. Let j(z) = -z**2 - 5*z. Determine j(u).
-6
Let m(b) = b - 1. Let k(l) = l - 1. Let a(j) = -4*k(j) + 3*m(j). Determine a(-2).
3
Let y(q) = q**2 - 5*q + 2. Let v be -4*(-1 - 0/2). Give y(v).
-2
Let l be -36 - (-2 + -1 + 3). Let m = -31 - l. Let i(j) = -j**2 - j + 1. Let c(r) = r**3 - 8*r**2 + 3*r - 3. Let v(n) = -c(n) + 2*i(n). Calculate v(m).
5
Let j(m) = m - 5. Let f = -38 - -43. What is j(f)?
0
Let i(q) be the second derivative of -3/2*q**2 - 5/6*q**3 + 1/3*q**4 - 3*q + 1/20*q**5 + 0. What is i(-5)?
-3
Let j(l) = 14*l**2 - 2*l - 1. Suppose -3*p + 4 = -2. Let b be (2/(-4))/(1/p). Determine j(b).
15
Let q(i) = i + 2. Let y(f) = f**2 + 2*f - 3. Let l be y(-3). Let v(z) = 2*z - 4. Let u be v(4). Let t be 2/2 - (l + u). Give q(t).
-1
Let y be (-2 - -1) + 1*5. Suppose -2*u + 6 = 2*w, y*u - 3*w + 3 = u. Let a(o) = 0 - u + 3 - o. Give a(0).
2
Suppose -2*q + 3 + 13 = 5*w, 0 = w - 2. Let d(t) = -14*t**2 - 2 - 3*t + t**q - 4 + 17*t**2. Calculate d(-4).
-10
Let c be ((-48)/40)/((-17)/10 + 2). Let x(o) = -o**3 - 5*o**2 + o + 5. Let h(z) = -z**2 + z + 1. Let l(n) = -h(n) + x(n). Determine l(c).
4
Let n(o) be the first derivative of o**4/24 + o**3/6 - 2*o**2 + 5. Let v(i) be the second derivative of n(i). Calculate v(2).
3
Let y(s) = -2*s**3 + 2*s**2 + 4*s - 6. Let b be y(2). Let u(m) = -m**2 + m - 1. Let r(z) = -3*z**2 - 3*z + 1. Let d(f) = -r(f) + 2*u(f). Determine d(b).
3
Let p be (9/6)/(1/2). Let o(x) = 0*x**2 + 0*x**3 - x**2 + 1 + x**p. Suppose -2*g = 4*v + 2*g + 12, -2*g = 10. Give o(v).
5
Let z = -33 + 37. Let b(d) be the third derivative of 0*d + 0 - 1/60*d**5 - 1/3*d**3 - 3*d**2 - 1/8*d**z. Calculate b(-3).
-2
Let h(o) = -2*o**3 + 4*o**2 - 2*o. Let u be h(2). Let j(b) be the third derivative of -b**4/24 - b**3/6 + 12*b**2. Calculate j(u).
3
Let y(i) = 5*i - 3. Let a(l) = l. Let n = -11 + 7. Let m be (-3 + (-8)/(-2))*1. Let f(q) = m*y(q) + n*a(q). Calculate f(0).
-3
Let k be (6 + -3)*(-5)/3. Let n(z) = z**3 + 4*z**2 - 6*z - 4. What is n(k)?
1
Let i(h) = h**3 + 5*h**2 - 2. Let d(a) = a**3 + 2*a**2 - a + 2. Let y be d(-3). Determine i(y).
14
Let d(u) = u**2 + 4*u + 1. Let s be d(-3). Let q(o) = -o**3 - 2*o**2 + o - 1. Calculate q(s).
-3
Let p(f) = 2*f - 6. Let x be p(5). Let v(z) = -z**3 + 4*z**2 - 4*z + 6. Give v(x).
-10
Let k(w) = 10*w + 13. Let a(s) = 3*s + 4. Suppose -2*n + 5*h = -29, -5*n + 4*h + h + 35 = 0. Let x(q) = n*k(q) - 7*a(q). What is x(-4)?
2
Let l(y) be the third derivative of -y**4/4 - y**3/6 - y**2. Let s = -2 + -3. Let f(a) = a + 4. Let g be f(s). Determine l(g).
5
Let f = -1 - -11. Let k(c) = c**3 - 10*c**2 - 4. Determine k(f).
-4
Let b(p) = 7*p**3 - 11*p**3 - p + p**3. Suppose -5*i = 3*n - 2, -4*n + 2*i - 7 = -i. What is b(n)?
4
Suppose 3*i = 2*i + 6. Let r(l) = 3*l**3 + 6*l**2 + l - 4. Let z(a) = -7*a**3 - 12*a**2 - 2*a + 9. Let u(h) = -9*r(h) - 4*z(h). Calculate u(i).
-6
Let d(l) = -8*l**3 + l**2 - l. Let a be (1 - (-6)/(-2)) + (3 - 0). Give d(a).
-8
Let t(p) = -p**2 + 4. Let s be t(-3). Let f(l) = l**3 + 6*l**2 + 6*l + 1. What is f(s)?
-4
Suppose 4*f + f + 19 = a, f - 7 = -a. Let o = a - 5. Suppose -5*j - 29 = -u, -2*u + 12 = o. Let x(w) = w + 4. Determine x(j).
-1
Let w be (-6)/24 + 2/8. Let a(m) = m**3 - m - 9. Give a(w).
-9
Let l(s) = -s**3 + 4*s**2 + 2*s - 4. Suppose -2*p = -0*p + 